 11. Let z(m) = m + 1. What is z(c)?
-3
Let n(k) be the third derivative of -k**4/8 + k**3/2 + 8*k**2. Calculate n(3).
-6
Let p(j) = -j**2 + 5*j - 5. Let h = -9 + 13. Give p(h).
-1
Let b = 5 - 2. Let f(m) be the first derivative of 0*m**2 + 1 + 4/3*m**b - m. Give f(-1).
3
Suppose 5*f = 3 - 23. Let t be 3/((-1)/2 + 2). Let n(u) = u + 8 - 3 + t*u. Calculate n(f).
-7
Let s(f) be the first derivative of -4*f**3/3 + f**2/2 + 2*f - 2. Give s(2).
-12
Let o(b) be the third derivative of 0*b + 1/360*b**6 - 1/8*b**4 + 0 - 1/6*b**3 + 2*b**2 - 1/30*b**5. Let k(r) be the first derivative of o(r). Determine k(4).
-3
Let l(f) = -7*f + 11. Let v(h) = -3*h + 10. Let o(n) = 1. Let m(d) = -5*o(d) + v(d). Let b(r) = -4*l(r) + 9*m(r). Determine b(-1).
0
Suppose -4*z + 16 = -u, -4*z = -2*z - 10. Let x(a) = a**2 + a - 4. Calculate x(u).
16
Let g(k) = -5*k + 8. Let z(s) = s + 1. Let w(f) = -g(f) + 6*z(f). Determine w(-2).
-24
Suppose 0 = 2*z + 4*w - 22, 5*w = w + 16. Let i(u) = u + 1 + 5 + 0*u - z*u. Determine i(5).
-4
Let w(g) be the second derivative of -g**5/20 + g**4/12 + g**3/6 - g**2/2 - 3*g. Let d be w(2). Let i(y) = y**2 + 3*y - 3. What is i(d)?
-3
Let v = 1 + -6. Let l(t) = -t**2 - 5*t - 3. Let r be l(-4). Let p(b) = -10*b - 11*b + 22*b - r - 6. What is p(v)?
-12
Let v be -3*(-2 - -1)/(-1). Suppose 0 = -2*w - w + 3. Let i(j) = -w - 1 - j**2 + 3 + 5*j - 9*j. Calculate i(v).
4
Let a(b) = 31*b**3 + 4*b**2 + 2*b - 3 - 30*b**3 - 2*b + 2*b. Determine a(-3).
0
Suppose -2*q - 17 = -3*j - q, -5*q = 2*j. Let t(o) be the third derivative of -o**2 + 1/6*o**4 + 0 - 1/60*o**5 + o**3 + 0*o. What is t(j)?
1
Let b = 8 - 4. Suppose 0 = -r - 3*r + d - 7, b*r - 2*d + 2 = 0. Let s(q) = 2*q**2 + 4*q + 2. Calculate s(r).
8
Let i(z) = -z**3 - z**2 - z - 3. Let t be i(0). Let f be -1 - (-9)/t*1. Let r = f - -9. Let c(n) = -n**2 + 4*n + 6. Calculate c(r).
1
Let h(v) = v + 7. Let d(s) = -4*s + 23. Let l(y) = 5*y - 24. Let k(a) = -4*d(a) - 3*l(a). Let n be k(15). Determine h(n).
2
Let i(g) be the first derivative of g**2/2 - 2. Let q be -1*((-14)/2 - 2). Let y = q + -6. Give i(y).
3
Suppose 259 - 83 = 4*b. Let s(a) = -12*a - 11. Let z(c) = -c - 1. Let y(l) = b*z(l) - 4*s(l). Calculate y(-1).
-4
Suppose 2*u - 2*g + 1 + 7 = 0, -14 = 2*u + 4*g. Let y = 5 + u. Let a(s) = s. Let f be a(y). Let i(q) = -q**3 + q + 7. Calculate i(f).
7
Let s be 0 + 2/(-4) - (-20)/(-8). Let c(p) = -7*p - 1. Determine c(s).
20
Let q(y) = 1. Let b(w) = -2*w**2 + 2*w - 4. Let g(v) = b(v) + 3*q(v). Suppose -5 = -3*t + 1. Let f be t/5 - 3/(-5). Determine g(f).
-1
Let v(z) = 4*z**3 - z**2 + 1. Let x be v(1). Suppose u = -u + 4. Let f(g) = g + g**2 - 1 + 0*g**u - 6*g. Calculate f(x).
-5
Let j(a) = -a**2 - a + 9. Let n be j(0). Let x = 15 - n. Let z(r) = r**3 - 7*r**2 + 8*r + 6. What is z(x)?
18
Let a = -9 + 18. Let n be (-20)/(-6) + 6/a. Suppose -9 = -5*d + v, 0*d - n*d + 20 = -4*v. Let c(b) = -3*b - 1. What is c(d)?
-4
Let z be 2/(-3) - (-96)/36. Let l(b) = -4*b**2 + 1 + 0 + 2. Let o(c) = -9*c**2 - c + 7. Let f(d) = -5*l(d) + 2*o(d). What is f(z)?
3
Let w be -1 + 3/(9/15). Let v be (20/w - 3)/(-2). Let x(k) = k**2 - 2*k - 1. What is x(v)?
2
Let y(d) = d**2 - 7*d + 4. Let b be (-28)/7*7/(-4). Calculate y(b).
4
Let s be (-6)/(-15)*-10*1. Let k = 8 + -6. Let h(r) = -1 - r - 4*r + 5*r**2 + 10*r - 4*r**k. Give h(s).
-5
Let u(i) = -2*i**2 - i. Suppose 0 = -5*o + 9 + 16. Let z be (5/o)/(1/1). Give u(z).
-3
Suppose 3*b + 18 = -3*d, -2*d + b - 29 = 2*d. Let s = 7 + d. Let w(p) = 2 + p - 2. What is w(s)?
0
Let b(c) be the first derivative of -6*c + 2*c**3 - 2*c**2 - 1/4*c**4 - 3. Determine b(5).
-1
Let s(r) = r**2 + 1 + 3 + 12*r - 7*r + r**2. What is s(-3)?
7
Let l = -10 - -5. Let w(u) = -1 - u - 1 + 2. Give w(l).
5
Let s(z) = -z**2 - 6*z - 3. Let j be -1 + ((-5)/1 - 0). Determine s(j).
-3
Let p(s) be the second derivative of -s**5/20 + s**4/2 - s**3/2 + 6*s. Suppose f - 21 = -5*u - 3*f, -4*u - 3*f = -17. Calculate p(u).
10
Let d(b) = 3*b + 1. Let n(v) = 2*v + 1. Let o = 12 + -10. Let a(p) = o*d(p) - 5*n(p). What is a(-2)?
5
Let a(v) = 3*v - 4*v - 18 + 19. Let j be a(7). Let q(y) = y - 2. Determine q(j).
-8
Suppose 4*u = -4*u + 56. Let t(r) = 4*r**2 + 3*r + 6. Let o(m) = 9*m**2 + 5*m + 11. Let h(k) = u*t(k) - 3*o(k). What is h(-6)?
9
Let u(m) = -7*m**2 + 6*m + 11. Let n(c) = 20*c**2 - 18*c - 33. Let d(p) = 6*n(p) + 17*u(p). Calculate d(8).
5
Let v = 26 + -21. Suppose v*y - t = 2*t, 2*t = 0. Let q(d) = d + 13. What is q(y)?
13
Let y be -3 + 3 + 1 + -2. Let u(p) be the first derivative of -5*p**3 + p + 2. Give u(y).
-14
Let j(q) = q**2 + q - 4. Suppose -2*y - 10 = 4*l - 3*l, -2*l = -2*y - 10. What is j(l)?
-4
Let q be 1/((2/(-2))/(-1)). Let i(v) = 12*v - 15. Let m(d) be the third derivative of -d**4/8 + 2*d**3/3 + d**2. Let x(c) = 4*i(c) + 15*m(c). Calculate x(q).
3
Let a(k) = -3*k**3 + 7*k**2 + 23*k - 10. Let n(s) = s**3 - 2*s**2 - 8*s + 3. Let b(g) = -3*a(g) - 8*n(g). Calculate b(5).
-19
Let s(f) = -3*f + 1. Suppose 0 = 6*u + 6*u - 12. Calculate s(u).
-2
Suppose -4*r + 3 + 23 = 2*f, -3*r - 2*f + 20 = 0. Let b(q) = 3*q**3 + 10*q**2 - 4*q + 1. Let w(o) = o**3 + o**2 - o + 1. Let j(d) = b(d) - 4*w(d). What is j(r)?
-3
Let o(l) = 2*l**3. Let j be o(1). Let u(g) be the first derivative of 0*g**2 + 2 - g + 1/3*g**3. Give u(j).
3
Let p = 8 - 3. Let c(w) = w**2 - w - 3*w + p + 3*w - 1. Determine c(0).
4
Let o = -3 + 4. Suppose -3*q - 5 - o = 0. Let l(f) = 6*f + 3. Determine l(q).
-9
Let q = 0 + 4. Let w(r) = 7*r + 6. Let b(j) = j + 7. Let t be b(-3). Let y(l) = -3*l - 3. Let i(m) = t*w(m) + 9*y(m). What is i(q)?
1
Let g(s) = 3*s**3 + 4*s**2 + s + 4. Let h(k) = k**2 + 1. Let u(y) = -g(y) + 4*h(y). Give u(-2).
26
Let r = -4 - -3. Suppose 3*s - s - 34 = 0. Let z(c) = 17 - s + 5*c. Calculate z(r).
-5
Suppose 11 = 3*l - 4. Let x(g) = -g**2 - 5 - 1 + l. Let w(u) = -u**2 + 6*u - 3. Let k be w(5). Calculate x(k).
-5
Let y(i) = 0*i + i - 4*i - 1 + 4*i. What is y(-2)?
-3
Let s(n) = n**3 + n**2 + 2*n - 6. Let a be s(0). Let b(d) = d**2 + 6*d + 6. Determine b(a).
6
Let j = 35 + -29. Let a(n) = -n**2 + 5*n - 2. Calculate a(j).
-8
Let t(v) = v - 1. Let q(g) = 5*g - 1. Let c(d) = -q(d) + 6*t(d). Give c(4).
-1
Let r(k) = -k - 3. Let t be r(-7). Let y(c) = c**2 + 4 - 1 + 3 - 4*c. Let f be y(t). Let v(g) = g**2 - 4*g - 6. What is v(f)?
6
Let b(h) = h**3 - 3*h**2 + 4*h + 4. Let g(w) = -3*w**3 + 5*w**2 - 7*w - 7. Let r(k) = -5*b(k) - 2*g(k). Let x be 1 + (-7 - (-1 - -1)). Determine r(x).
-6
Let h(c) = -c + 7. Let z be h(10). Let f be 10/15*9/2. Let n(k) = k - f*k + 5*k + 2. Calculate n(z).
-7
Let u(r) = r**3 + 3*r**2 + r - 3. Let o = 157 + -160. Give u(o).
-6
Let s(c) = c**3 - 5*c**2 + c - 3. Let y(v) = -6*v**3 + 25*v**2 - 6*v + 17. Let w(u) = -11*s(u) - 2*y(u). Give w(-4).
11
Let m(p) = p**3 - 8*p**2 + 6*p + 8. Let v be m(7). Let b(o) = 4*o. Determine b(v).
4
Let d(x) be the first derivative of x**3/3 - 9*x**2/2 + 2*x - 10. Calculate d(5).
-18
Let a(v) be the second derivative of -v**5/20 - 3*v**4/4 + v**3/6 + 2*v**2 + 30*v. Calculate a(-9).
-5
Let m(t) = 2*t + 1. Suppose -2*h + 2*r + 18 = 0, 0*r - 2*r = 3*h - 2. Give m(h).
9
Let j(i) = 18*i**2 - 2*i - 1. Let u(l) = 4*l + 35. Let b be u(-9). What is j(b)?
19
Let s(x) = -4*x**2 + 3*x + 11. Let h(c) = 2*c**2 - 2*c - 6. Let i(q) = 7*h(q) + 4*s(q). Determine i(2).
-10
Suppose -24*d = -69 + 21. Let x(i) be the second derivative of 0 - 1/3*i**3 - 3*i + 1/2*i**d. Determine x(-1).
3
Let x(p) be the first derivative of p**3/3 + 9*p**2/2 - 7*p + 10. What is x(-8)?
-15
Let z(p) = p**2 - 4 + 4 + 4*p + 3. Suppose 40 = -3*v + 7*v. Suppose 5*h + v = 0, h + 12 = 2*x - 7*x. What is z(x)?
-1
Let v(w) = w**3 - 4*w**2 - 3*w - 3. Let q be 2 + 1*9/(-3). Let s be 3 + q + -2 + 5. Calculate v(s).
7
Suppose 0 = t + 4 - 0, 4*t - 4 = 5*w. Let m(y) be the second derivative of -1/2*y**2 + 0 + 1/3*y**3 - y. Determine m(w).
-9
Let y(m) = -m - 2. Let l be y(-4). Let t(z) be the first derivative of 4*z + 1/2*z**l - 2. Determine t(-4).
0
Let s(w) be the second derivative of -w**5/20 - w**4/6 + 5*w**3/6 + 3*w**2/2 + w. Let r = -70 - -67. Determine s(r).
-3
Suppose 3*f + 4 = d + 2*f, 4*d + 2*f + 8 = 0. Suppose d = 2*k + k. Let u(v) = -3*v**2 - 3 + 4*v**2 - 5 - v. What is u(k)?
-8
Let t(i) be the second derivative of i**4/12 + i**3 - 2